{"id":77874,"date":"2024-08-02T19:53:43","date_gmt":"2024-08-02T17:53:43","guid":{"rendered":"http:\/\/localhost\/wordpress\/producto\/parrilla-mercedes-w164-2005-2008-look-diamond-black-3\/"},"modified":"2024-08-29T17:13:56","modified_gmt":"2024-08-29T15:13:56","slug":"parrilla-mercedes-w164-2005-2008-look-diamond-black","status":"publish","type":"product","link":"https:\/\/mlin.es\/tienda\/producto\/parrilla-mercedes-w164-2005-2008-look-diamond-black\/","title":{"rendered":"Parrilla Mercedes W164 2005-2008 Look Diamond Black"},"content":{"rendered":"<h4>Parrilla Mercedes W164 2005-2008 Look Diamond Black.<\/h4>\n<ul>\n<li>Hecha en pl\u00e1stico inyectado.<\/li>\n<li>Gran calidad y perfecto acople<\/li>\n<\/ul>\n<p class=\"notoriginal\">Estos no son productos originales de la marca Mercedes.<\/p>\n<p class=\"notoriginal2\">El art\u00edculo ofrecido solo es adecuado para los modelos de veh\u00edculos descritos.<\/p>\n","protected":false},"excerpt":{"rendered":"<p>Parrilla Mercedes W164 2005-2008 Look Diamond Black. Hecha en pl\u00e1stico inyectado. Gran calidad y perfecto acople Estos no son productos originales de la marca Mercedes. El art\u00edculo ofrecido solo es adecuado para los modelos de veh\u00edculos descritos.<\/p>\n","protected":false},"featured_media":0,"comment_status":"closed","ping_status":"open","template":"","meta":[],"product_cat":[],"product_tag":[7780,7779],"class_list":{"0":"post-77874","1":"product","2":"type-product","3":"status-publish","5":"product_tag-body-kits","6":"product_tag-eurolineas","7":"product_shipping_class-eurolineas","8":"pa_material-plastico-abs","9":"pa_parte-parrilla-frontal","11":"first","12":"instock","13":"taxable","14":"shipping-taxable","15":"purchasable","16":"product-type-simple"},"_links":{"self":[{"href":"https:\/\/mlin.es\/tienda\/wp-json\/wp\/v2\/product\/77874","targetHints":{"allow":["GET"]}}],"collection":[{"href":"https:\/\/mlin.es\/tienda\/wp-json\/wp\/v2\/product"}],"about":[{"href":"https:\/\/mlin.es\/tienda\/wp-json\/wp\/v2\/types\/product"}],"replies":[{"embeddable":true,"href":"https:\/\/mlin.es\/tienda\/wp-json\/wp\/v2\/comments?post=77874"}],"wp:attachment":[{"href":"https:\/\/mlin.es\/tienda\/wp-json\/wp\/v2\/media?parent=77874"}],"wp:term":[{"taxonomy":"product_cat","embeddable":true,"href":"https:\/\/mlin.es\/tienda\/wp-json\/wp\/v2\/product_cat?post=77874"},{"taxonomy":"product_tag","embeddable":true,"href":"https:\/\/mlin.es\/tienda\/wp-json\/wp\/v2\/product_tag?post=77874"}],"curies":[{"name":"wp","href":"https:\/\/api.w.org\/{rel}","templated":true}]}}