{"id":77854,"date":"2026-02-05T10:21:45","date_gmt":"2026-02-05T09:21:45","guid":{"rendered":"http:\/\/localhost\/wordpress\/producto\/parrilla-delantera-audi-a3-v8-look-rs3-2013-2015-3\/"},"modified":"2026-02-05T10:21:45","modified_gmt":"2026-02-05T09:21:45","slug":"parrilla-delantera-audi-a3-v8-look-rs3-2013-2015","status":"publish","type":"product","link":"https:\/\/mlin.es\/tienda\/producto\/parrilla-delantera-audi-a3-v8-look-rs3-2013-2015\/","title":{"rendered":"Parrilla Delantera Audi A3 V8 Look RS3 2013-2015"},"content":{"rendered":"<h4>Parrilla para audi\u00a0AUDI A3 V8 LOOK RS3 2013-2015<\/h4>\n<ul>\n<li><span>Producto v\u00e1lido para versi\u00f3n standar, Sline y S3. No v\u00e1lido para versi\u00f3n RS3.<\/span><\/li>\n<li>Hecha en pl\u00e1stico inyectado.<\/li>\n<li>Look RS3.<\/li>\n<li>Acabado en negro.<\/li>\n<li>Gran calidad y perfecto acople.<\/li>\n<li>Servimos con factura y garant\u00eda.<\/li>\n<\/ul>\n<p class=\"notoriginal\">Estos no son productos originales de la marca Audi.<\/p>\n<p class=\"notoriginal2\">El art\u00edculo ofrecido solo es adecuado para los modelos de veh\u00edculos descritos.<\/p>\n","protected":false},"excerpt":{"rendered":"<p>Parrilla para audi\u00a0AUDI A3 V8 LOOK RS3 2013-2015 Producto v\u00e1lido para versi\u00f3n standar, Sline y S3. No v\u00e1lido para versi\u00f3n RS3. Hecha en pl\u00e1stico inyectado. Look RS3. Acabado en negro. Gran calidad y perfecto acople. Servimos con factura y garant\u00eda. Estos no son productos originales de la marca Audi. El art\u00edculo ofrecido solo es adecuado [&hellip;]<\/p>\n","protected":false},"featured_media":191144,"comment_status":"closed","ping_status":"open","template":"","meta":[],"product_cat":[],"product_tag":[7780,7779],"class_list":{"0":"post-77854","1":"product","2":"type-product","3":"status-publish","4":"has-post-thumbnail","6":"product_tag-body-kits","7":"product_tag-eurolineas","8":"product_shipping_class-eurolineas","9":"pa_material-plastico-abs","10":"pa_parte-parrilla-frontal","12":"first","13":"instock","14":"taxable","15":"shipping-taxable","16":"purchasable","17":"product-type-simple"},"_links":{"self":[{"href":"https:\/\/mlin.es\/tienda\/wp-json\/wp\/v2\/product\/77854","targetHints":{"allow":["GET"]}}],"collection":[{"href":"https:\/\/mlin.es\/tienda\/wp-json\/wp\/v2\/product"}],"about":[{"href":"https:\/\/mlin.es\/tienda\/wp-json\/wp\/v2\/types\/product"}],"replies":[{"embeddable":true,"href":"https:\/\/mlin.es\/tienda\/wp-json\/wp\/v2\/comments?post=77854"}],"wp:featuredmedia":[{"embeddable":true,"href":"https:\/\/mlin.es\/tienda\/wp-json\/wp\/v2\/media\/191144"}],"wp:attachment":[{"href":"https:\/\/mlin.es\/tienda\/wp-json\/wp\/v2\/media?parent=77854"}],"wp:term":[{"taxonomy":"product_cat","embeddable":true,"href":"https:\/\/mlin.es\/tienda\/wp-json\/wp\/v2\/product_cat?post=77854"},{"taxonomy":"product_tag","embeddable":true,"href":"https:\/\/mlin.es\/tienda\/wp-json\/wp\/v2\/product_tag?post=77854"}],"curies":[{"name":"wp","href":"https:\/\/api.w.org\/{rel}","templated":true}]}}