{"id":77836,"date":"2024-08-02T19:48:35","date_gmt":"2024-08-02T17:48:35","guid":{"rendered":"http:\/\/localhost\/wordpress\/producto\/parrilla-mercedes-glc-x253-2015-2019-look-gt-negro-brillante-6\/"},"modified":"2024-08-29T17:13:33","modified_gmt":"2024-08-29T15:13:33","slug":"parrilla-mercedes-glc-x253-2015-2019-look-gt-negro-brillante-2","status":"publish","type":"product","link":"https:\/\/mlin.es\/tienda\/producto\/parrilla-mercedes-glc-x253-2015-2019-look-gt-negro-brillante-2\/","title":{"rendered":"Parrilla Mercedes GLC X253 2015-2019 Look GT Negro Brillante"},"content":{"rendered":"<h4>Parrilla Mercedes GLC X253\u00a0<span>2015-2019,<\/span> Look GT.<\/h4>\n<ul>\n<li>Este producto solo es v\u00e1lido para el paragolpes Standard. No v\u00e1lido para versi\u00f3n AMG.<\/li>\n<li>El producto se suministra con una terminaci\u00f3n negro brillante, listo para montar.<\/li>\n<li>Hecha en pl\u00e1stico inyectado.<\/li>\n<li>Gran calidad y perfecto acople<\/li>\n<\/ul>\n<p class=\"notoriginal\">Estos no son productos originales de la marca Mercedes.<\/p>\n<p class=\"notoriginal2\">El art\u00edculo ofrecido solo es adecuado para los modelos de veh\u00edculos descritos.<\/p>\n","protected":false},"excerpt":{"rendered":"<p>Parrilla Mercedes GLC X253\u00a02015-2019, Look GT. Este producto solo es v\u00e1lido para el paragolpes Standard. No v\u00e1lido para versi\u00f3n AMG. El producto se suministra con una terminaci\u00f3n negro brillante, listo para montar. Hecha en pl\u00e1stico inyectado. Gran calidad y perfecto acople Estos no son productos originales de la marca Mercedes. El art\u00edculo ofrecido solo es [&hellip;]<\/p>\n","protected":false},"featured_media":86692,"comment_status":"closed","ping_status":"open","template":"","meta":[],"product_cat":[],"product_tag":[7780,7779],"class_list":{"0":"post-77836","1":"product","2":"type-product","3":"status-publish","4":"has-post-thumbnail","6":"product_tag-body-kits","7":"product_tag-eurolineas","8":"product_shipping_class-eurolineas","9":"pa_material-plastico-abs","10":"pa_parte-parrilla-frontal","12":"first","13":"instock","14":"taxable","15":"shipping-taxable","16":"purchasable","17":"product-type-simple"},"_links":{"self":[{"href":"https:\/\/mlin.es\/tienda\/wp-json\/wp\/v2\/product\/77836","targetHints":{"allow":["GET"]}}],"collection":[{"href":"https:\/\/mlin.es\/tienda\/wp-json\/wp\/v2\/product"}],"about":[{"href":"https:\/\/mlin.es\/tienda\/wp-json\/wp\/v2\/types\/product"}],"replies":[{"embeddable":true,"href":"https:\/\/mlin.es\/tienda\/wp-json\/wp\/v2\/comments?post=77836"}],"wp:featuredmedia":[{"embeddable":true,"href":"https:\/\/mlin.es\/tienda\/wp-json\/wp\/v2\/media\/86692"}],"wp:attachment":[{"href":"https:\/\/mlin.es\/tienda\/wp-json\/wp\/v2\/media?parent=77836"}],"wp:term":[{"taxonomy":"product_cat","embeddable":true,"href":"https:\/\/mlin.es\/tienda\/wp-json\/wp\/v2\/product_cat?post=77836"},{"taxonomy":"product_tag","embeddable":true,"href":"https:\/\/mlin.es\/tienda\/wp-json\/wp\/v2\/product_tag?post=77836"}],"curies":[{"name":"wp","href":"https:\/\/api.w.org\/{rel}","templated":true}]}}