{"id":77675,"date":"2025-10-21T17:34:41","date_gmt":"2025-10-21T15:34:41","guid":{"rendered":"http:\/\/localhost\/wordpress\/producto\/escape-bmw-e60-m5-round-slant-tip-3\/"},"modified":"2025-10-21T17:35:48","modified_gmt":"2025-10-21T15:35:48","slug":"escape-bmw-e60-m5-round-slant-tip","status":"publish","type":"product","link":"https:\/\/mlin.es\/tienda\/producto\/escape-bmw-e60-m5-round-slant-tip\/","title":{"rendered":"Escape BMW E60 M5 Round Slant Tip"},"content":{"rendered":"<h4>Escape completo para el BMW E60 M5 ROUND SLANT TIP.<\/h4>\n<ul>\n<li>Escape espec\u00edfico para este modelo, cambia el original por este.<\/li>\n<li>Utilizando los mismos soportes.<\/li>\n<li>Cambio de est\u00e9tica y personalizaci\u00f3n del ruido.<\/li>\n<li>Escape en Acero.<\/li>\n<li>Producto no homologado.<\/li>\n<li>\u00d8 9 cm<\/li>\n<\/ul>\n<p><iframe width=\"184\" height=\"103\" src=\"https:\/\/www.youtube.com\/embed\/HQuTVgNFFCc\" frameborder=\"0\"><\/iframe><\/p>\n<p class=\"notoriginal\">Estos no son productos originales de la marca BMW.<\/p>\n<p class=\"notoriginal2\">El art\u00edculo ofrecido solo es adecuado para los modelos de veh\u00edculos descritos.<\/p>\n","protected":false},"excerpt":{"rendered":"<p>Escape completo para el BMW E60 M5 ROUND SLANT TIP. Escape espec\u00edfico para este modelo, cambia el original por este. Utilizando los mismos soportes. Cambio de est\u00e9tica y personalizaci\u00f3n del ruido. Escape en Acero. Producto no homologado. \u00d8 9 cm Estos no son productos originales de la marca BMW. El art\u00edculo ofrecido solo es adecuado [&hellip;]<\/p>\n","protected":false},"featured_media":190801,"comment_status":"closed","ping_status":"open","template":"","meta":[],"product_cat":[],"product_tag":[7780,7779],"class_list":{"0":"post-77675","1":"product","2":"type-product","3":"status-publish","4":"has-post-thumbnail","6":"product_tag-body-kits","7":"product_tag-eurolineas","8":"product_shipping_class-eurolineas","9":"pa_parte-escapes","11":"first","12":"instock","13":"taxable","14":"shipping-taxable","15":"purchasable","16":"product-type-simple"},"_links":{"self":[{"href":"https:\/\/mlin.es\/tienda\/wp-json\/wp\/v2\/product\/77675","targetHints":{"allow":["GET"]}}],"collection":[{"href":"https:\/\/mlin.es\/tienda\/wp-json\/wp\/v2\/product"}],"about":[{"href":"https:\/\/mlin.es\/tienda\/wp-json\/wp\/v2\/types\/product"}],"replies":[{"embeddable":true,"href":"https:\/\/mlin.es\/tienda\/wp-json\/wp\/v2\/comments?post=77675"}],"wp:featuredmedia":[{"embeddable":true,"href":"https:\/\/mlin.es\/tienda\/wp-json\/wp\/v2\/media\/190801"}],"wp:attachment":[{"href":"https:\/\/mlin.es\/tienda\/wp-json\/wp\/v2\/media?parent=77675"}],"wp:term":[{"taxonomy":"product_cat","embeddable":true,"href":"https:\/\/mlin.es\/tienda\/wp-json\/wp\/v2\/product_cat?post=77675"},{"taxonomy":"product_tag","embeddable":true,"href":"https:\/\/mlin.es\/tienda\/wp-json\/wp\/v2\/product_tag?post=77675"}],"curies":[{"name":"wp","href":"https:\/\/api.w.org\/{rel}","templated":true}]}}