{"id":77593,"date":"2026-02-05T09:57:11","date_gmt":"2026-02-05T08:57:11","guid":{"rendered":"http:\/\/localhost\/wordpress\/producto\/parrilla-audi-q2-2018-2021-look-rsq2-3\/"},"modified":"2026-02-05T09:57:12","modified_gmt":"2026-02-05T08:57:12","slug":"parrilla-audi-q2-2018-2021-look-rsq2","status":"publish","type":"product","link":"https:\/\/mlin.es\/tienda\/producto\/parrilla-audi-q2-2018-2021-look-rsq2\/","title":{"rendered":"Parrilla Audi Q2 2018-2021 Look RSQ2"},"content":{"rendered":"<h4>Parrilla delantera Audi Q2\u00a0<span>2018-2021<\/span> Look RSQ2.<\/h4>\n<ul>\n<li>Look RSQ2.<\/li>\n<li><span>Producto v\u00e1lido para versi\u00f3n standar, Sline y S2. No v\u00e1lido para versi\u00f3n RS2.<\/span><\/li>\n<li>Producto aftermarket.<\/li>\n<li>Fabricada en pl\u00e1stico inyectado.<\/li>\n<li>Acabado en negro.<\/li>\n<li>Gran calidad y perfecto acople.<\/li>\n<li>Servimos con factura y garant\u00eda.<\/li>\n<\/ul>\n<p class=\"notoriginal\">Estos no son productos originales de la marca Audi.<\/p>\n<p class=\"notoriginal2\">El art\u00edculo ofrecido solo es adecuado para los modelos de veh\u00edculos descritos.<\/p>\n","protected":false},"excerpt":{"rendered":"<p>Parrilla delantera Audi Q2\u00a02018-2021 Look RSQ2. Look RSQ2. Producto v\u00e1lido para versi\u00f3n standar, Sline y S2. No v\u00e1lido para versi\u00f3n RS2. Producto aftermarket. Fabricada en pl\u00e1stico inyectado. Acabado en negro. Gran calidad y perfecto acople. Servimos con factura y garant\u00eda. Estos no son productos originales de la marca Audi. El art\u00edculo ofrecido solo es adecuado [&hellip;]<\/p>\n","protected":false},"featured_media":190630,"comment_status":"closed","ping_status":"open","template":"","meta":[],"product_cat":[],"product_tag":[7780,7779],"class_list":{"0":"post-77593","1":"product","2":"type-product","3":"status-publish","4":"has-post-thumbnail","6":"product_tag-body-kits","7":"product_tag-eurolineas","8":"product_shipping_class-eurolineas","9":"pa_material-plastico-abs","10":"pa_parte-parrilla-frontal","12":"first","13":"instock","14":"taxable","15":"shipping-taxable","16":"purchasable","17":"product-type-simple"},"_links":{"self":[{"href":"https:\/\/mlin.es\/tienda\/wp-json\/wp\/v2\/product\/77593","targetHints":{"allow":["GET"]}}],"collection":[{"href":"https:\/\/mlin.es\/tienda\/wp-json\/wp\/v2\/product"}],"about":[{"href":"https:\/\/mlin.es\/tienda\/wp-json\/wp\/v2\/types\/product"}],"replies":[{"embeddable":true,"href":"https:\/\/mlin.es\/tienda\/wp-json\/wp\/v2\/comments?post=77593"}],"wp:featuredmedia":[{"embeddable":true,"href":"https:\/\/mlin.es\/tienda\/wp-json\/wp\/v2\/media\/190630"}],"wp:attachment":[{"href":"https:\/\/mlin.es\/tienda\/wp-json\/wp\/v2\/media?parent=77593"}],"wp:term":[{"taxonomy":"product_cat","embeddable":true,"href":"https:\/\/mlin.es\/tienda\/wp-json\/wp\/v2\/product_cat?post=77593"},{"taxonomy":"product_tag","embeddable":true,"href":"https:\/\/mlin.es\/tienda\/wp-json\/wp\/v2\/product_tag?post=77593"}],"curies":[{"name":"wp","href":"https:\/\/api.w.org\/{rel}","templated":true}]}}