{"id":77179,"date":"2026-02-05T09:19:09","date_gmt":"2026-02-05T08:19:09","guid":{"rendered":"http:\/\/localhost\/wordpress\/producto\/parrilla-audi-a7-2011-2014-look-rs7-3\/"},"modified":"2026-02-05T09:19:11","modified_gmt":"2026-02-05T08:19:11","slug":"parrilla-audi-a7-2011-2014-look-rs7","status":"publish","type":"product","link":"https:\/\/mlin.es\/tienda\/producto\/parrilla-audi-a7-2011-2014-look-rs7\/","title":{"rendered":"Parrilla Audi A7 2011-2014 Look RS7"},"content":{"rendered":"<h4>Parrilla delantera AUDI A7 2011-2014 LOOK RS7<\/h4>\n<ul>\n<li>Producto aftermarket.<\/li>\n<li>Look RS7<\/li>\n<li><span>Producto v\u00e1lido para versi\u00f3n standar, Sline y S7. No v\u00e1lido para versi\u00f3n RS7.<\/span><\/li>\n<li>Hecha en pl\u00e1stico inyectado.<\/li>\n<li>Gran calidad y perfecto acople.<\/li>\n<\/ul>\n<p class=\"notoriginal\">Estos no son productos originales de la marca Audi.<\/p>\n<p class=\"notoriginal2\">El art\u00edculo ofrecido solo es adecuado para los modelos de veh\u00edculos descritos.<\/p>\n","protected":false},"excerpt":{"rendered":"<p>Parrilla delantera AUDI A7 2011-2014 LOOK RS7 Producto aftermarket. Look RS7 Producto v\u00e1lido para versi\u00f3n standar, Sline y S7. No v\u00e1lido para versi\u00f3n RS7. Hecha en pl\u00e1stico inyectado. Gran calidad y perfecto acople. Estos no son productos originales de la marca Audi. El art\u00edculo ofrecido solo es adecuado para los modelos de veh\u00edculos descritos.<\/p>\n","protected":false},"featured_media":189752,"comment_status":"closed","ping_status":"open","template":"","meta":[],"product_cat":[],"product_tag":[7780,7779],"class_list":{"0":"post-77179","1":"product","2":"type-product","3":"status-publish","4":"has-post-thumbnail","6":"product_tag-body-kits","7":"product_tag-eurolineas","8":"product_shipping_class-eurolineas","9":"pa_material-plastico-abs","10":"pa_parte-parrilla-frontal","12":"first","13":"instock","14":"taxable","15":"shipping-taxable","16":"purchasable","17":"product-type-simple"},"_links":{"self":[{"href":"https:\/\/mlin.es\/tienda\/wp-json\/wp\/v2\/product\/77179","targetHints":{"allow":["GET"]}}],"collection":[{"href":"https:\/\/mlin.es\/tienda\/wp-json\/wp\/v2\/product"}],"about":[{"href":"https:\/\/mlin.es\/tienda\/wp-json\/wp\/v2\/types\/product"}],"replies":[{"embeddable":true,"href":"https:\/\/mlin.es\/tienda\/wp-json\/wp\/v2\/comments?post=77179"}],"wp:featuredmedia":[{"embeddable":true,"href":"https:\/\/mlin.es\/tienda\/wp-json\/wp\/v2\/media\/189752"}],"wp:attachment":[{"href":"https:\/\/mlin.es\/tienda\/wp-json\/wp\/v2\/media?parent=77179"}],"wp:term":[{"taxonomy":"product_cat","embeddable":true,"href":"https:\/\/mlin.es\/tienda\/wp-json\/wp\/v2\/product_cat?post=77179"},{"taxonomy":"product_tag","embeddable":true,"href":"https:\/\/mlin.es\/tienda\/wp-json\/wp\/v2\/product_tag?post=77179"}],"curies":[{"name":"wp","href":"https:\/\/api.w.org\/{rel}","templated":true}]}}