{"id":76500,"date":"2025-10-21T18:56:11","date_gmt":"2025-10-21T16:56:11","guid":{"rendered":"http:\/\/localhost\/wordpress\/producto\/paragolpes-delantero-bmw-e90-e91-05-08-look-m-tech-lavafaros-abs-3\/"},"modified":"2025-10-21T18:57:49","modified_gmt":"2025-10-21T16:57:49","slug":"paragolpes-delantero-bmw-e90-e91-05-08-look-m-tech-lavafaros-abs","status":"publish","type":"product","link":"https:\/\/mlin.es\/tienda\/producto\/paragolpes-delantero-bmw-e90-e91-05-08-look-m-tech-lavafaros-abs\/","title":{"rendered":"Paragolpes Delantero BMW E90 \/ E91 05-08 Look  M-Tech Lavafaros ABS"},"content":{"rendered":"<h4><strong>Paragolpes delantero para el BMW\u00a0E90 \/ E91 2005-2008.<\/strong><\/h4>\n<ul>\n<li>Hecho en pl\u00e1stico ABS.<\/li>\n<li>Este paragolpes est\u00e1 disponible con PDC. Esta opci\u00f3n debe ser indicada en el pedido.<\/li>\n<li>Plug and play<\/li>\n<li>Tipo M-TECH.<\/li>\n<li>Lava-faros.<\/li>\n<li>Gran calidad y perfecto acople.<\/li>\n<li>El paragolpes se suministra con sus soportes y rejillas.<\/li>\n<li>Producto de gran calidad.<\/li>\n<\/ul>\n<p class=\"notoriginal\">Estos no son productos originales de la marca BMW.<\/p>\n<p class=\"notoriginal2\">El art\u00edculo ofrecido solo es adecuado para los modelos de veh\u00edculos descritos.<\/p>\n","protected":false},"excerpt":{"rendered":"<p>Paragolpes delantero para el BMW\u00a0E90 \/ E91 2005-2008. Hecho en pl\u00e1stico ABS. Este paragolpes est\u00e1 disponible con PDC. Esta opci\u00f3n debe ser indicada en el pedido. Plug and play Tipo M-TECH. Lava-faros. Gran calidad y perfecto acople. El paragolpes se suministra con sus soportes y rejillas. Producto de gran calidad. Estos no son productos originales [&hellip;]<\/p>\n","protected":false},"featured_media":193142,"comment_status":"closed","ping_status":"open","template":"","meta":[],"product_cat":[],"product_tag":[7780,7779],"class_list":{"0":"post-76500","1":"product","2":"type-product","3":"status-publish","4":"has-post-thumbnail","6":"product_tag-body-kits","7":"product_tag-eurolineas","8":"product_shipping_class-eurolineas","9":"pa_material-plastico-abs","10":"pa_parte-paragolpes-delantero","12":"first","13":"instock","14":"taxable","15":"shipping-taxable","16":"purchasable","17":"product-type-simple"},"_links":{"self":[{"href":"https:\/\/mlin.es\/tienda\/wp-json\/wp\/v2\/product\/76500","targetHints":{"allow":["GET"]}}],"collection":[{"href":"https:\/\/mlin.es\/tienda\/wp-json\/wp\/v2\/product"}],"about":[{"href":"https:\/\/mlin.es\/tienda\/wp-json\/wp\/v2\/types\/product"}],"replies":[{"embeddable":true,"href":"https:\/\/mlin.es\/tienda\/wp-json\/wp\/v2\/comments?post=76500"}],"wp:featuredmedia":[{"embeddable":true,"href":"https:\/\/mlin.es\/tienda\/wp-json\/wp\/v2\/media\/193142"}],"wp:attachment":[{"href":"https:\/\/mlin.es\/tienda\/wp-json\/wp\/v2\/media?parent=76500"}],"wp:term":[{"taxonomy":"product_cat","embeddable":true,"href":"https:\/\/mlin.es\/tienda\/wp-json\/wp\/v2\/product_cat?post=76500"},{"taxonomy":"product_tag","embeddable":true,"href":"https:\/\/mlin.es\/tienda\/wp-json\/wp\/v2\/product_tag?post=76500"}],"curies":[{"name":"wp","href":"https:\/\/api.w.org\/{rel}","templated":true}]}}