{"id":75850,"date":"2026-02-03T19:31:35","date_gmt":"2026-02-03T18:31:35","guid":{"rendered":"http:\/\/localhost\/wordpress\/producto\/parrilla-audi-a6-04-08-c6-black-3\/"},"modified":"2026-02-03T19:31:50","modified_gmt":"2026-02-03T18:31:50","slug":"parrilla-audi-a6-04-08-c6-black","status":"publish","type":"product","link":"https:\/\/mlin.es\/tienda\/producto\/parrilla-audi-a6-04-08-c6-black\/","title":{"rendered":"Parrilla Audi  A6 &#8217;04-08 C6 Black"},"content":{"rendered":"<p><strong> Parrilla delantera Audi A6 del a\u00f1o 2004-2008 C6, en negro.<\/strong><\/p>\n<ul>\n<li>Parrilla en pl\u00e1stico ABS de gran calidad.<\/li>\n<li>Espec\u00edfica para el Audi\u00a0 A6 &#8217;04-08 C6, gran calidad y perfecto acabado.<\/li>\n<\/ul>\n<p class=\"notoriginal\">Estos no son productos originales de la marca Audi.<\/p>\n<p class=\"notoriginal2\">El art\u00edculo ofrecido solo es adecuado para los modelos de veh\u00edculos descritos.<\/p>\n","protected":false},"excerpt":{"rendered":"<p>Parrilla delantera Audi A6 del a\u00f1o 2004-2008 C6, en negro. Parrilla en pl\u00e1stico ABS de gran calidad. Espec\u00edfica para el Audi\u00a0 A6 &#8217;04-08 C6, gran calidad y perfecto acabado. Estos no son productos originales de la marca Audi. El art\u00edculo ofrecido solo es adecuado para los modelos de veh\u00edculos descritos.<\/p>\n","protected":false},"featured_media":187170,"comment_status":"closed","ping_status":"open","template":"","meta":[],"product_cat":[],"product_tag":[7780,7779],"class_list":{"0":"post-75850","1":"product","2":"type-product","3":"status-publish","4":"has-post-thumbnail","6":"product_tag-body-kits","7":"product_tag-eurolineas","8":"product_shipping_class-eurolineas","9":"pa_material-plastico-abs","10":"pa_parte-parrilla-frontal","12":"first","13":"instock","14":"taxable","15":"shipping-taxable","16":"purchasable","17":"product-type-simple"},"_links":{"self":[{"href":"https:\/\/mlin.es\/tienda\/wp-json\/wp\/v2\/product\/75850","targetHints":{"allow":["GET"]}}],"collection":[{"href":"https:\/\/mlin.es\/tienda\/wp-json\/wp\/v2\/product"}],"about":[{"href":"https:\/\/mlin.es\/tienda\/wp-json\/wp\/v2\/types\/product"}],"replies":[{"embeddable":true,"href":"https:\/\/mlin.es\/tienda\/wp-json\/wp\/v2\/comments?post=75850"}],"wp:featuredmedia":[{"embeddable":true,"href":"https:\/\/mlin.es\/tienda\/wp-json\/wp\/v2\/media\/187170"}],"wp:attachment":[{"href":"https:\/\/mlin.es\/tienda\/wp-json\/wp\/v2\/media?parent=75850"}],"wp:term":[{"taxonomy":"product_cat","embeddable":true,"href":"https:\/\/mlin.es\/tienda\/wp-json\/wp\/v2\/product_cat?post=75850"},{"taxonomy":"product_tag","embeddable":true,"href":"https:\/\/mlin.es\/tienda\/wp-json\/wp\/v2\/product_tag?post=75850"}],"curies":[{"name":"wp","href":"https:\/\/api.w.org\/{rel}","templated":true}]}}