{"id":240329,"date":"2025-10-21T19:18:54","date_gmt":"2025-10-21T17:18:54","guid":{"rendered":"https:\/\/mlin.es\/tienda\/producto\/parrilla-mercedes-glc-x254-2023-look-gt-chromed-camara\/"},"modified":"2025-10-21T19:19:58","modified_gmt":"2025-10-21T17:19:58","slug":"parrilla-mercedes-glc-x254-2023-look-gt-chromed-camara","status":"publish","type":"product","link":"https:\/\/mlin.es\/tienda\/producto\/parrilla-mercedes-glc-x254-2023-look-gt-chromed-camara\/","title":{"rendered":"Parrilla Mercedes GLC X254 2023+ Look GT Chromed C\u00e1mara"},"content":{"rendered":"<h4>Parrilla Mercedes GLC X254 2023+, Look GT Chromed.<\/h4>\n<ul>\n<li>Este producto no es v\u00e1lido para el paragolpes AMG.<\/li>\n<li>Con alojamiento para c\u00e1mara.<\/li>\n<li>Hecha en pl\u00e1stico inyectado.<\/li>\n<li>Gran calidad y perfecto acople.<\/li>\n<\/ul>\n<p>Estos no son productos originales de la marca Mercedes.<\/p>\n<p class=\"notoriginal2\">El art\u00edculo ofrecido solo es adecuado para los modelos de veh\u00edculos descritos.<\/p>\n","protected":false},"excerpt":{"rendered":"<p>Parrilla Mercedes GLC X254 2023+, Look GT Chromed. Este producto no es v\u00e1lido para el paragolpes AMG. Con alojamiento para c\u00e1mara. Hecha en pl\u00e1stico inyectado. Gran calidad y perfecto acople. Estos no son productos originales de la marca Mercedes. El art\u00edculo ofrecido solo es adecuado para los modelos de veh\u00edculos descritos.<\/p>\n","protected":false},"featured_media":240330,"comment_status":"closed","ping_status":"open","template":"","meta":[],"product_cat":[],"product_tag":[7780,7779],"class_list":{"0":"post-240329","1":"product","2":"type-product","3":"status-publish","4":"has-post-thumbnail","6":"product_tag-body-kits","7":"product_tag-eurolineas","8":"product_shipping_class-eurolineas","9":"pa_material-plastico-abs","10":"pa_parte-parrilla-frontal","12":"first","13":"instock","14":"taxable","15":"shipping-taxable","16":"purchasable","17":"product-type-simple"},"_links":{"self":[{"href":"https:\/\/mlin.es\/tienda\/wp-json\/wp\/v2\/product\/240329","targetHints":{"allow":["GET"]}}],"collection":[{"href":"https:\/\/mlin.es\/tienda\/wp-json\/wp\/v2\/product"}],"about":[{"href":"https:\/\/mlin.es\/tienda\/wp-json\/wp\/v2\/types\/product"}],"replies":[{"embeddable":true,"href":"https:\/\/mlin.es\/tienda\/wp-json\/wp\/v2\/comments?post=240329"}],"wp:featuredmedia":[{"embeddable":true,"href":"https:\/\/mlin.es\/tienda\/wp-json\/wp\/v2\/media\/240330"}],"wp:attachment":[{"href":"https:\/\/mlin.es\/tienda\/wp-json\/wp\/v2\/media?parent=240329"}],"wp:term":[{"taxonomy":"product_cat","embeddable":true,"href":"https:\/\/mlin.es\/tienda\/wp-json\/wp\/v2\/product_cat?post=240329"},{"taxonomy":"product_tag","embeddable":true,"href":"https:\/\/mlin.es\/tienda\/wp-json\/wp\/v2\/product_tag?post=240329"}],"curies":[{"name":"wp","href":"https:\/\/api.w.org\/{rel}","templated":true}]}}