{"id":149509,"date":"2026-03-03T21:24:25","date_gmt":"2026-03-03T20:24:25","guid":{"rendered":"https:\/\/mlin.es\/tienda\/producto\/juego-de-limitadores-de-recorrido-de-muelle-para-el-eje-trasero-bmw-opel-zb103\/"},"modified":"2026-03-03T21:24:25","modified_gmt":"2026-03-03T20:24:25","slug":"csr-zb103","status":"publish","type":"product","link":"https:\/\/mlin.es\/tienda\/producto\/csr-zb103\/","title":{"rendered":"CSR-ZB103"},"content":{"rendered":"<p><b>CSR-Automotive Federwegsbegrenzer \/ Anschlaggummi-Set Hinterachse f\u00fcr BMW und Opel<\/b><UL><LI>zum Einsatz bei tiefergelegten und \/ oder mit Breitreifen ausgestatteten Fahrzeugen<\/LI><LI>verhindern das Aufschlagen der Karosserie auf den Reifen, sowie das durchschlagen der Sto\u00dfd\u00e4mpfer bei gro\u00dfen Stra\u00dfenunebenheiten<\/LI><LI>Die Federwegsbegrenzer werden zusammen mit den hinteren Federn an der Hinterachse befestigt und bilden den unteren Anschlagpunkt.<\/LI><LI>2 St\u00fcck<\/LI><LI>90mm x 42mm (LxB)<\/LI><LI>32mm Bohrung<\/LI><LI>Benzin-, \u00d6l- und witterungsbest\u00e4ndig<\/LI><LI>druckresistent<\/LI><LI>Material: Gummi<\/LI><LI>Passend f\u00fcr siehe Tabelle <\/p>\n<table border=\"1\" class=\"stammbeschreibung\">\n<tr>\n<td><strong>Hersteller   <\/strong><\/td>\n<td><strong>Modell   <\/strong><\/td>\n<\/tr>\n<tr>\n<td> BMW<\/td>\n<td>E30<br \/>E36<br \/>E36 Compact<br \/>E46<br \/>E34<br \/>Z1<br \/>Z3<\/td>\n<\/tr>\n<tr>\n<td> Opel<\/td>\n<td>Astra F<br \/>Astra G<br \/>Kadett E<br \/>Calibra<br \/>Vectra A<br \/>Corsa A<br \/>Corsa B<br \/>Tigra<\/td>\n<\/tr>\n<\/table>\n<p><\/LI><\/UL><\/p>\n","protected":false},"excerpt":{"rendered":"<p>Federwegsbegrenzer Hinterachse 2 St\u00fcck 90mm x 42mm (LxB), 32mm Bohrung<\/p>\n","protected":false},"featured_media":149510,"comment_status":"closed","ping_status":"open","template":"","meta":[],"product_cat":[],"product_tag":[12841],"class_list":{"0":"post-149509","1":"product","2":"type-product","3":"status-publish","4":"has-post-thumbnail","6":"product_tag-csr","7":"product_shipping_class-csr","9":"first","10":"instock","11":"taxable","12":"shipping-taxable","13":"purchasable","14":"product-type-simple"},"_links":{"self":[{"href":"https:\/\/mlin.es\/tienda\/wp-json\/wp\/v2\/product\/149509","targetHints":{"allow":["GET"]}}],"collection":[{"href":"https:\/\/mlin.es\/tienda\/wp-json\/wp\/v2\/product"}],"about":[{"href":"https:\/\/mlin.es\/tienda\/wp-json\/wp\/v2\/types\/product"}],"replies":[{"embeddable":true,"href":"https:\/\/mlin.es\/tienda\/wp-json\/wp\/v2\/comments?post=149509"}],"wp:featuredmedia":[{"embeddable":true,"href":"https:\/\/mlin.es\/tienda\/wp-json\/wp\/v2\/media\/149510"}],"wp:attachment":[{"href":"https:\/\/mlin.es\/tienda\/wp-json\/wp\/v2\/media?parent=149509"}],"wp:term":[{"taxonomy":"product_cat","embeddable":true,"href":"https:\/\/mlin.es\/tienda\/wp-json\/wp\/v2\/product_cat?post=149509"},{"taxonomy":"product_tag","embeddable":true,"href":"https:\/\/mlin.es\/tienda\/wp-json\/wp\/v2\/product_tag?post=149509"}],"curies":[{"name":"wp","href":"https:\/\/api.w.org\/{rel}","templated":true}]}}