{"id":147689,"date":"2026-03-03T20:00:17","date_gmt":"2026-03-03T19:00:17","guid":{"rendered":"https:\/\/mlin.es\/tienda\/producto\/aleron-trasero-para-bmw-z4-serie-1-serie-3-serie-5-serie-6-hf484\/"},"modified":"2026-03-03T20:00:18","modified_gmt":"2026-03-03T19:00:18","slug":"csr-hf484","status":"publish","type":"product","link":"https:\/\/mlin.es\/tienda\/producto\/csr-hf484\/","title":{"rendered":"CSR-HF484"},"content":{"rendered":"<p><b>CSR-Automotive Heckspoiler | Heckfl\u00fcgel f\u00fcr BMW Z4\/1er\/3er\/5er\/6er<\/b><UL>Heckspoiler passend f\u00fcr<LI>BMW Z4 Typ E85 Coup\u00e9 Baujahr 2002-2008, passend f\u00fcr die Modell-\/Karosserievariante(n) Coup\u00e9<br \/>und passend f\u00fcr<LI>BMW 5er E39 Limousine Baujahr 1995-2004, passend f\u00fcr die Modell-\/Karosserievariante(n) Limousine<br \/>und passend f\u00fcr<LI>BMW 6er E63, E64 Baujahr 2003-2010, passend f\u00fcr alle Modell-\/Karosserievarianten<br \/>und passend f\u00fcr<LI>BMW 5er F10 ab Baujahr 01\/2010, passend f\u00fcr alle Modell-\/Karosserievarianten<br \/>und passend f\u00fcr<LI>BMW 5er E60 Baujahr 7\/2003-05\/2010, passend f\u00fcr alle Modell-\/Karosserievarianten<br \/>und passend f\u00fcr<LI>BMW 3er E90, E92, E93 Baujahr 2004-2013, passend f\u00fcr alle Modell-\/Karosserievarianten<br \/>und passend f\u00fcr<LI>BMW 3er E46 Baujahr 1998-2007, passend f\u00fcr alle Modell-\/Karosserievarianten au\u00dfer Touring<br \/>und passend f\u00fcr<LI>BMW 3er E36 Baujahr 1990-2000, passend f\u00fcr alle Modell-\/Karosserievarianten au\u00dfer Touring<br \/>und passend f\u00fcr<LI>BMW 3er E30 Baujahr 1982-1994, passend f\u00fcr alle Modell-\/Karosserievarianten au\u00dfer Touring<br \/>und passend f\u00fcr<LI>BMW 1er E82, E88 Baujahr 9\/2004-10\/2013, passend f\u00fcr alle Modell-\/Karosserievarianten<\/UL><LI>Mit fahrzeugspezifischem Teilegutachten f\u00fcr eine Anbauabnahme nach \u00a719.3 StVZO<LI>Inkl. Montagezubeh\u00f6r, sofern notwendig<LI>Inklusive Montageanleitung<LI>Heckfl\u00fcgel ist aus hochwertigem Material GFK gefertigt<LI>Gleichm\u00e4\u00dfige Oberfl\u00e4chenstruktur erm\u00f6glicht eine Lackierung ohne gro\u00dfe Vorarbeiten (Produkt ist unlackiert)<LI>Material ist flexibel<\/p>\n","protected":false},"excerpt":{"rendered":"<p>Heck Fl\u00fcgel mit fahrzeugspezifischem Teilegutachten<\/p>\n","protected":false},"featured_media":147690,"comment_status":"closed","ping_status":"open","template":"","meta":[],"product_cat":[],"product_tag":[12841],"class_list":{"0":"post-147689","1":"product","2":"type-product","3":"status-publish","4":"has-post-thumbnail","6":"product_tag-csr","7":"product_shipping_class-csr","9":"first","10":"instock","11":"taxable","12":"shipping-taxable","13":"purchasable","14":"product-type-simple"},"_links":{"self":[{"href":"https:\/\/mlin.es\/tienda\/wp-json\/wp\/v2\/product\/147689","targetHints":{"allow":["GET"]}}],"collection":[{"href":"https:\/\/mlin.es\/tienda\/wp-json\/wp\/v2\/product"}],"about":[{"href":"https:\/\/mlin.es\/tienda\/wp-json\/wp\/v2\/types\/product"}],"replies":[{"embeddable":true,"href":"https:\/\/mlin.es\/tienda\/wp-json\/wp\/v2\/comments?post=147689"}],"wp:featuredmedia":[{"embeddable":true,"href":"https:\/\/mlin.es\/tienda\/wp-json\/wp\/v2\/media\/147690"}],"wp:attachment":[{"href":"https:\/\/mlin.es\/tienda\/wp-json\/wp\/v2\/media?parent=147689"}],"wp:term":[{"taxonomy":"product_cat","embeddable":true,"href":"https:\/\/mlin.es\/tienda\/wp-json\/wp\/v2\/product_cat?post=147689"},{"taxonomy":"product_tag","embeddable":true,"href":"https:\/\/mlin.es\/tienda\/wp-json\/wp\/v2\/product_tag?post=147689"}],"curies":[{"name":"wp","href":"https:\/\/api.w.org\/{rel}","templated":true}]}}