{"id":147267,"date":"2025-06-20T18:15:03","date_gmt":"2025-06-20T16:15:03","guid":{"rendered":"https:\/\/mlin.es\/tienda\/producto\/borde-del-techo-para-audi-s3-a3-8v-sedan-dkl004\/"},"modified":"2025-09-11T11:17:19","modified_gmt":"2025-09-11T09:17:19","slug":"borde-del-techo-para-audi-s3-a3-8v-sedan-dkl004","status":"publish","type":"product","link":"https:\/\/mlin.es\/tienda\/producto\/borde-del-techo-para-audi-s3-a3-8v-sedan-dkl004\/","title":{"rendered":"Borde del techo para Audi S3 A3 8V Sed\u00e1n DKL004"},"content":{"rendered":"<p><b>Labio de techo CSR-Automotive para Audi S3 A3 8V berlina<\/b><UL> <LI>Labio de techo compatible con Audi S3 8V tricuerpo y Audi A3 8V tricuerpo<br \/>A\u00f1o de modelo a partir de 2013<LI>Compatible con el\/los modelo(s)\/variante(s) de carrocer\u00eda berlina<LI>Con la opini\u00f3n de expertos y, por lo tanto, sin necesidad de registro<LI>La instalaci\u00f3n es muy sencilla gracias a la tira adhesiva integrada y el aler\u00f3n se fija en segundos<LI>El m\u00e9todo de fijaci\u00f3n, as\u00ed como las propiedades aerodin\u00e1micas y el comportamiento del material, est\u00e1n probados y homologados<LI>Incluye instrucciones de instalaci\u00f3n<LI>El aler\u00f3n trasero est\u00e1 fabricado con pl\u00e1stico flexible de alta calidad<LI>La estructura uniforme de la superficie permite pintarlo sin necesidad de una preparaci\u00f3n exhaustiva (el producto no est\u00e1 pintado)<LI>Im\u00e1genes comparativas: las im\u00e1genes corresponden al art\u00edculo del Mercedes CLK C209 Coup\u00e9<\/UL><\/p>\n","protected":false},"excerpt":{"rendered":"<p>Spoiler labio \/ labio con opini\u00f3n de experto &#8211; registro gratuito<\/p>\n","protected":false},"featured_media":147268,"comment_status":"closed","ping_status":"open","template":"","meta":[],"product_cat":[],"product_tag":[12841],"class_list":{"0":"post-147267","1":"product","2":"type-product","3":"status-publish","4":"has-post-thumbnail","6":"product_tag-csr","7":"product_shipping_class-csr","9":"first","10":"instock","11":"taxable","12":"shipping-taxable","13":"purchasable","14":"product-type-simple"},"_links":{"self":[{"href":"https:\/\/mlin.es\/tienda\/wp-json\/wp\/v2\/product\/147267","targetHints":{"allow":["GET"]}}],"collection":[{"href":"https:\/\/mlin.es\/tienda\/wp-json\/wp\/v2\/product"}],"about":[{"href":"https:\/\/mlin.es\/tienda\/wp-json\/wp\/v2\/types\/product"}],"replies":[{"embeddable":true,"href":"https:\/\/mlin.es\/tienda\/wp-json\/wp\/v2\/comments?post=147267"}],"wp:featuredmedia":[{"embeddable":true,"href":"https:\/\/mlin.es\/tienda\/wp-json\/wp\/v2\/media\/147268"}],"wp:attachment":[{"href":"https:\/\/mlin.es\/tienda\/wp-json\/wp\/v2\/media?parent=147267"}],"wp:term":[{"taxonomy":"product_cat","embeddable":true,"href":"https:\/\/mlin.es\/tienda\/wp-json\/wp\/v2\/product_cat?post=147267"},{"taxonomy":"product_tag","embeddable":true,"href":"https:\/\/mlin.es\/tienda\/wp-json\/wp\/v2\/product_tag?post=147267"}],"curies":[{"name":"wp","href":"https:\/\/api.w.org\/{rel}","templated":true}]}}