{"id":147033,"date":"2026-03-03T19:40:54","date_gmt":"2026-03-03T18:40:54","guid":{"rendered":"https:\/\/mlin.es\/tienda\/producto\/kit-de-carroceria-y-aleron-tuning-para-kia-pro_ceed-ed-bk323\/"},"modified":"2026-03-03T19:40:54","modified_gmt":"2026-03-03T18:40:54","slug":"csr-bk323","status":"publish","type":"product","link":"https:\/\/mlin.es\/tienda\/producto\/csr-bk323\/","title":{"rendered":"CSR-BK323"},"content":{"rendered":"<p><b>CSR-Automotive Bodykit f\u00fcr  Kia pro_cee&#8217;d<\/b>Perfekte Optik aus einem Guss &#8211; Das bieten Ihnen die CSR-Automotive Bodykits. Ein komplettes Tuningpaket &#8211; abgestimmt auf Ihr Fahrzeug. <strong>Nutzen Sie Ihren Preisvorteil von EUR 105,00<\/strong> gegen\u00fcber dem Kauf der in diesem Bodykit-Set enthaltenen Einzelteile (Der regul\u00e4re Preis betr\u00e4gt EUR 644,00)! Der Lieferumfang umfasst:<UL><LI>Bodykit Tuningpaket passend f\u00fcr Kia pro_cee&#8217;d Baujahr 03\/2011-03\/2013<LI>passt an zweiflutige und einflutige Auspuffanlage<LI>bestehend aus den CSR-Anbauteilen mit den Bestellnummern: SS396,FA220,HA133,HF467,RB010,SB235<br \/>(Mehr Infos siehe unten oder bitte die Suchfunktion im Shop nutzen. Bitte beachten Sie, dass auf den Fotos teilweise weitere, nicht in diesem Angebot enthaltene Produkte abgebildet sein k\u00f6nnen. Dieses Angebot umfasst nur die oben mit ihrer Artikelnummer angegebenen Teile!)<LI>Komplettes Montagezubeh\u00f6r, sofern notwendig<LI>Derzeit noch kein Gutachten, daher Einzelabnahme nach \u00a721 StVZO erforderlich. Auf Wunsch liefern wir diesen Artikel mit einem Materialgutachten.<\/UL><\/p>\n","protected":false},"excerpt":{"rendered":"<p>Bodykit Tuning Komplettset<\/p>\n","protected":false},"featured_media":146966,"comment_status":"closed","ping_status":"open","template":"","meta":[],"product_cat":[],"product_tag":[12841],"class_list":{"0":"post-147033","1":"product","2":"type-product","3":"status-publish","4":"has-post-thumbnail","6":"product_tag-csr","7":"product_shipping_class-csr","9":"first","10":"instock","11":"taxable","12":"shipping-taxable","13":"purchasable","14":"product-type-simple"},"_links":{"self":[{"href":"https:\/\/mlin.es\/tienda\/wp-json\/wp\/v2\/product\/147033","targetHints":{"allow":["GET"]}}],"collection":[{"href":"https:\/\/mlin.es\/tienda\/wp-json\/wp\/v2\/product"}],"about":[{"href":"https:\/\/mlin.es\/tienda\/wp-json\/wp\/v2\/types\/product"}],"replies":[{"embeddable":true,"href":"https:\/\/mlin.es\/tienda\/wp-json\/wp\/v2\/comments?post=147033"}],"wp:featuredmedia":[{"embeddable":true,"href":"https:\/\/mlin.es\/tienda\/wp-json\/wp\/v2\/media\/146966"}],"wp:attachment":[{"href":"https:\/\/mlin.es\/tienda\/wp-json\/wp\/v2\/media?parent=147033"}],"wp:term":[{"taxonomy":"product_cat","embeddable":true,"href":"https:\/\/mlin.es\/tienda\/wp-json\/wp\/v2\/product_cat?post=147033"},{"taxonomy":"product_tag","embeddable":true,"href":"https:\/\/mlin.es\/tienda\/wp-json\/wp\/v2\/product_tag?post=147033"}],"curies":[{"name":"wp","href":"https:\/\/api.w.org\/{rel}","templated":true}]}}