{"id":145272,"date":"2026-03-03T21:25:37","date_gmt":"2026-03-03T20:25:37","guid":{"rendered":"https:\/\/mlin.es\/tienda\/producto\/aleron-trasero-para-porsche-911-997-gt-3-hf997b\/"},"modified":"2026-03-03T21:25:37","modified_gmt":"2026-03-03T20:25:37","slug":"csr-hf997b","status":"publish","type":"product","link":"https:\/\/mlin.es\/tienda\/producto\/csr-hf997b\/","title":{"rendered":"CSR-HF997B"},"content":{"rendered":"<p><b>CSR-Automotive Heckspoiler | Heckfl\u00fcgel f\u00fcr Porsche 911\/997 GT\/3 Coup\u00e9<\/b><UL><LI>Heckspoiler passend f\u00fcr Porsche 911\/997 GT\/3 Variante Coupe Baujahr 2004-2012<\/LI><LI>nur f\u00fcr GT\/3 Coup\u00e9<\/LI><LI>nicht passend f\u00fcr Cabrio,GT\/2,GT\/3,Turbo<\/LI><\/p>\n<li>aus lackierf\u00e4higem GFK (Unterteil) und GFK-Fl\u00fcgelbrett<\/LI>\n<li>Motordeckel, Abdeckung incl. AIR-RAM System (CSR-ZB051)  f\u00fcr bessere Frischluftzufuhr &#8211; sp\u00fcrbar mehr Leistung und h\u00f6here Endgeschwindigkeit <\/LI>\n<li>verbesserte Aerodynamikeigenschaften und frei w\u00e4hlbarer Anpressdruck <\/LI>\n<li>Fl\u00fcgel ist zweiteilig<\/LI><LI>Inkl. Montagezubeh\u00f6r, sofern notwendig <\/LI><LI>Hervorragende Oberfl\u00e4chenstruktur erm\u00f6glicht einfache und kosteng\u00fcnstige Lackierung (Produkt ist unlackiert)<\/LI><LI>Material ist \u00e4u\u00dferst flexibel und bruchsicher<\/LI><LI>Ohne Gutachten, daher <b>Einzelabnahme nach \u00a721 StVZO<\/b> erforderlich. Auf Wunsch liefern wir diesen Artikel mit einem Materialgutachten.<\/LI><\/UL><br \/>\n","protected":false},"excerpt":{"rendered":"<p>Heck Fl\u00fcgel aus GFK<\/p>\n","protected":false},"featured_media":145273,"comment_status":"closed","ping_status":"open","template":"","meta":[],"product_cat":[],"product_tag":[12841],"class_list":{"0":"post-145272","1":"product","2":"type-product","3":"status-publish","4":"has-post-thumbnail","6":"product_tag-csr","7":"product_shipping_class-csr","9":"first","10":"instock","11":"taxable","12":"shipping-taxable","13":"purchasable","14":"product-type-simple"},"_links":{"self":[{"href":"https:\/\/mlin.es\/tienda\/wp-json\/wp\/v2\/product\/145272","targetHints":{"allow":["GET"]}}],"collection":[{"href":"https:\/\/mlin.es\/tienda\/wp-json\/wp\/v2\/product"}],"about":[{"href":"https:\/\/mlin.es\/tienda\/wp-json\/wp\/v2\/types\/product"}],"replies":[{"embeddable":true,"href":"https:\/\/mlin.es\/tienda\/wp-json\/wp\/v2\/comments?post=145272"}],"wp:featuredmedia":[{"embeddable":true,"href":"https:\/\/mlin.es\/tienda\/wp-json\/wp\/v2\/media\/145273"}],"wp:attachment":[{"href":"https:\/\/mlin.es\/tienda\/wp-json\/wp\/v2\/media?parent=145272"}],"wp:term":[{"taxonomy":"product_cat","embeddable":true,"href":"https:\/\/mlin.es\/tienda\/wp-json\/wp\/v2\/product_cat?post=145272"},{"taxonomy":"product_tag","embeddable":true,"href":"https:\/\/mlin.es\/tienda\/wp-json\/wp\/v2\/product_tag?post=145272"}],"curies":[{"name":"wp","href":"https:\/\/api.w.org\/{rel}","templated":true}]}}