{"id":144416,"date":"2026-03-03T18:17:35","date_gmt":"2026-03-03T17:17:35","guid":{"rendered":"https:\/\/mlin.es\/tienda\/producto\/juego-de-limitador-de-recorrido-de-resorte-para-chasis-zb089\/"},"modified":"2026-03-03T18:17:36","modified_gmt":"2026-03-03T17:17:36","slug":"csr-zb089","status":"publish","type":"product","link":"https:\/\/mlin.es\/tienda\/producto\/csr-zb089\/","title":{"rendered":"CSR-ZB089"},"content":{"rendered":"<p><b>CSR-Automotive Federwegsbegrenzer-Set f\u00fcr Fahrwerk<\/b><UL><LI>zum Einsatz bei tiefergelegten und \/ oder mit Breitreifen ausgestatteten Fahrzeugen<LI>verhindern das Aufschlagen der Karosserie auf den Reifen bei gro\u00dfen Stra\u00dfenunebenheiten<LI>10 St\u00fcck<LI>Kolbendurchmesser 21,3 mm<LI>Benzin-, \u00d6l- und witterungsbest\u00e4ndig<LI>druckresistent<LI>Material: Gummi<LI>zum einfachen Anklippen an die Kolbenstange des Sto\u00dfd\u00e4mpfers<LI>Gr\u00f6\u00dfenbeispiele siehe Tabelle <\/p>\n<table border=\"1\" class=\"stammbeschreibung\">\n<tr>\n<td><strong>Fahrzeug <\/strong><\/td>\n<td><strong>D\u00e4mpfer vorn<\/strong><\/td>\n<td><strong>D\u00e4mpfer hinten<\/strong><\/td>\n<\/tr>\n<tr>\n<td> Audi A2,A3,A4,A6,TT etc.<\/td>\n<td>\u00d8 21,3mm<\/td>\n<td>\u00d8 12,5mm<\/td>\n<\/tr>\n<tr>\n<td>Audi 80 Typ 81\/85\/89\/B4<\/strong><\/td>\n<td>\u00d8 21,3mm<\/td>\n<td>\u00d8 12,5mm<\/td>\n<\/tr>\n<tr>\n<td>BMW E30, E34, E36, E39, E46 <\/td>\n<td>\u00d8 21,3mm<\/td>\n<td>\u00d8 12,5mm<\/td>\n<\/tr>\n<tr>\n<td>Fiat Punto, Stilo etc.<\/td>\n<td>\u00d8 21,3mm<\/td>\n<td>\u00d8 12,5mm<\/td>\n<\/tr>\n<tr>\n<td>Ford Escort, Modeo, Fiesta <\/td>\n<td>\u00d8 21,3mm<\/td>\n<td>\u00d8 12,5mm<\/td>\n<\/tr>\n<tr>\n<td>Honda Civic\/CRX <\/td>\n<td>\u00d8 21,3mm<\/td>\n<td>\u00d8 12,5mm<\/td>\n<\/tr>\n<tr>\n<td>Opel Astra F\/G\/H<\/td>\n<td>\u00d8 21,3mm<\/td>\n<td>\u00d8 12,5mm<\/td>\n<\/tr>\n<tr>\n<td>Opel Corsa A\/B\/C<\/td>\n<td>\u00d8 21,3mm<\/td>\n<td>\u00d8 12,5mm<\/td>\n<\/tr>\n<tr>\n<td>Opel Vectra A\/B\/C<\/td>\n<td>\u00d8 21,3mm<\/td>\n<td>\u00d8 12,5mm<\/td>\n<\/tr>\n<tr>\n<td>VW Golf 1,2,3,4,5<\/td>\n<td>\u00d8 21,3mm<\/td>\n<td>\u00d8 12,5mm<\/td>\n<\/tr>\n<tr>\n<td>VW Lupo\/Bora <\/td>\n<td>\u00d8 21,3mm<\/td>\n<td>\u00d8 12,5mm<\/td>\n<\/tr>\n<tr>\n<td>VW Polo 1,2,3,4,5,6N,9N<\/td>\n<td>\u00d8 21,3mm<\/td>\n<td>\u00d8 12,5mm<\/td>\n<\/tr>\n<tr>\n<td>VW Golf 1 2 3 4 5<\/td>\n<td>\u00d8 21,3mm<\/td>\n<td>\u00d8 12,5mm<\/td>\n<\/tr>\n<tr>\n<td>VW Passat 35i, 3B, 3BG, 3C<\/td>\n<td>\u00d8 21,3mm<\/td>\n<td>\u00d8 12,5mm<\/td>\n<\/tr>\n<\/table>\n<p><\/UL><\/p>\n","protected":false},"excerpt":{"rendered":"<p>Kolbendurchmesser 21,3 mm<\/p>\n","protected":false},"featured_media":144417,"comment_status":"closed","ping_status":"open","template":"","meta":[],"product_cat":[],"product_tag":[12841],"class_list":{"0":"post-144416","1":"product","2":"type-product","3":"status-publish","4":"has-post-thumbnail","6":"product_tag-csr","7":"product_shipping_class-csr","9":"first","10":"instock","11":"taxable","12":"shipping-taxable","13":"purchasable","14":"product-type-simple"},"_links":{"self":[{"href":"https:\/\/mlin.es\/tienda\/wp-json\/wp\/v2\/product\/144416","targetHints":{"allow":["GET"]}}],"collection":[{"href":"https:\/\/mlin.es\/tienda\/wp-json\/wp\/v2\/product"}],"about":[{"href":"https:\/\/mlin.es\/tienda\/wp-json\/wp\/v2\/types\/product"}],"replies":[{"embeddable":true,"href":"https:\/\/mlin.es\/tienda\/wp-json\/wp\/v2\/comments?post=144416"}],"wp:featuredmedia":[{"embeddable":true,"href":"https:\/\/mlin.es\/tienda\/wp-json\/wp\/v2\/media\/144417"}],"wp:attachment":[{"href":"https:\/\/mlin.es\/tienda\/wp-json\/wp\/v2\/media?parent=144416"}],"wp:term":[{"taxonomy":"product_cat","embeddable":true,"href":"https:\/\/mlin.es\/tienda\/wp-json\/wp\/v2\/product_cat?post=144416"},{"taxonomy":"product_tag","embeddable":true,"href":"https:\/\/mlin.es\/tienda\/wp-json\/wp\/v2\/product_tag?post=144416"}],"curies":[{"name":"wp","href":"https:\/\/api.w.org\/{rel}","templated":true}]}}