{"id":143387,"date":"2026-03-03T17:28:50","date_gmt":"2026-03-03T16:28:50","guid":{"rendered":"https:\/\/mlin.es\/tienda\/producto\/capo-con-anti-mal-de-ojo-para-audi-a3-8l-mot204\/"},"modified":"2026-03-03T17:28:50","modified_gmt":"2026-03-03T16:28:50","slug":"csr-mot204","status":"publish","type":"product","link":"https:\/\/mlin.es\/tienda\/producto\/csr-mot204\/","title":{"rendered":"CSR-MOT204"},"content":{"rendered":"<p><b>CSR-Automotive Motorhaube inkl. B\u00f6ser Blick f\u00fcr Audi A3 8L<\/b><UL><LI>Motorhaube passend f\u00fcr Audi A3 8L Baujahr 1996-2003<LI>f\u00fcr alle Varianten<LI>Motorhaube passt nur in Verbindung mit Single Frame Frontsto\u00dfstange<LI>Motorhaube ist inklusive B\u00f6sem Blick<LI>Kein Umbau n\u00f6tig, einfacher Austausch gegen die Originalmotorhaube<LI>Halterungen sind bereits integriert und die Gewinde schon vorgebohrt<LI>Motorhaube ist Doppelwandig<LI>Ohne Gutachten, daher <b>Einzelabnahme nach \u00a721 StVZO<\/b> erforderlich. Auf Wunsch liefern wir diesen Artikel mit einem Materialgutachten.<LI>Inkl. Montagezubeh\u00f6r, sofern notwendig<LI>Motorhaube ist aus hochwertigem Material GFK gefertigt<LI>Gleichm\u00e4\u00dfige Oberfl\u00e4chenstruktur erm\u00f6glicht eine Lackierung ohne gro\u00dfe Vorarbeiten (Produkt ist unlackiert)<\/UL><\/p>\n","protected":false},"excerpt":{"rendered":"<p>Motorhaube inkl. B\u00f6ser Blick aus GFK<\/p>\n","protected":false},"featured_media":143388,"comment_status":"closed","ping_status":"open","template":"","meta":[],"product_cat":[],"product_tag":[12841],"class_list":{"0":"post-143387","1":"product","2":"type-product","3":"status-publish","4":"has-post-thumbnail","6":"product_tag-csr","7":"product_shipping_class-csr","9":"first","10":"instock","11":"taxable","12":"shipping-taxable","13":"purchasable","14":"product-type-simple"},"_links":{"self":[{"href":"https:\/\/mlin.es\/tienda\/wp-json\/wp\/v2\/product\/143387","targetHints":{"allow":["GET"]}}],"collection":[{"href":"https:\/\/mlin.es\/tienda\/wp-json\/wp\/v2\/product"}],"about":[{"href":"https:\/\/mlin.es\/tienda\/wp-json\/wp\/v2\/types\/product"}],"replies":[{"embeddable":true,"href":"https:\/\/mlin.es\/tienda\/wp-json\/wp\/v2\/comments?post=143387"}],"wp:featuredmedia":[{"embeddable":true,"href":"https:\/\/mlin.es\/tienda\/wp-json\/wp\/v2\/media\/143388"}],"wp:attachment":[{"href":"https:\/\/mlin.es\/tienda\/wp-json\/wp\/v2\/media?parent=143387"}],"wp:term":[{"taxonomy":"product_cat","embeddable":true,"href":"https:\/\/mlin.es\/tienda\/wp-json\/wp\/v2\/product_cat?post=143387"},{"taxonomy":"product_tag","embeddable":true,"href":"https:\/\/mlin.es\/tienda\/wp-json\/wp\/v2\/product_tag?post=143387"}],"curies":[{"name":"wp","href":"https:\/\/api.w.org\/{rel}","templated":true}]}}