{"id":143373,"date":"2025-06-20T17:01:56","date_gmt":"2025-06-20T15:01:56","guid":{"rendered":"https:\/\/mlin.es\/tienda\/producto\/faldon-trasero-para-bmw-serie-3-e36-serie-5-e39-ford-mondeo-mk2-hl011\/"},"modified":"2025-09-11T10:37:12","modified_gmt":"2025-09-11T08:37:12","slug":"faldon-trasero-para-bmw-serie-3-e36-serie-5-e39-ford-mondeo-mk2-hl011","status":"publish","type":"product","link":"https:\/\/mlin.es\/tienda\/producto\/faldon-trasero-para-bmw-serie-3-e36-serie-5-e39-ford-mondeo-mk2-hl011\/","title":{"rendered":"Fald\u00f3n trasero para BMW Serie 3 E36 \/ Serie 5 E39, Ford Mondeo MK2 HL011"},"content":{"rendered":"<p>Aler\u00f3n trasero CSR-Automotive para BMW Serie 3 E36 \/ Serie 5 E39, Ford Mondeo<\/b><UL><LI>Aler\u00f3n trasero apto para<\/LI><UL><LI>BMW Serie 3 E36 a\u00f1o de fabricaci\u00f3n 1992-1999<br \/>para el\/los modelo\/variante(s) de carrocer\u00eda sed\u00e1n (berlina)<\/LI><\/UL><UL><LI>BMW Serie 5 E39 a\u00f1o de fabricaci\u00f3n 1995-2004<br \/>para el\/los modelo\/variante(s) de carrocer\u00eda sed\u00e1n (berlina)<\/LI><\/UL><UL><LI>Ford Mondeo MK2 tipo BAP\/BFP\/BAP (desde el redise\u00f1o) a\u00f1o de fabricaci\u00f3n 1997-2000<br \/>para el\/los modelo\/variante(s) de carrocer\u00eda sed\u00e1n\/Hatchback<\/LI><\/UL><LI>Con certificado de piezas espec\u00edfico del veh\u00edculo para la autorizaci\u00f3n de instalaci\u00f3n seg\u00fan \u00a7 19.3 StVZO<\/LI><LI>La instalaci\u00f3n es para ni\u00f1os Gracias a la tira adhesiva integrada, el aler\u00f3n se instala en segundos. El m\u00e9todo de fijaci\u00f3n, as\u00ed como las propiedades aerodin\u00e1micas y el comportamiento del material, est\u00e1n probados y aprobados. Incluye instrucciones de instalaci\u00f3n. El aler\u00f3n trasero est\u00e1 hecho de pl\u00e1stico flexible de alta calidad. El material es flexible. Comparaci\u00f3n de im\u00e1genes: las im\u00e1genes muestran el art\u00edculo en un BMW E36 Cabrio.<\/p>\n","protected":false},"excerpt":{"rendered":"<p>Borde del aler\u00f3n\/borde con certificado de piezas espec\u00edfico del veh\u00edculo<\/p>\n","protected":false},"featured_media":142780,"comment_status":"closed","ping_status":"open","template":"","meta":[],"product_cat":[],"product_tag":[12841],"class_list":{"0":"post-143373","1":"product","2":"type-product","3":"status-publish","4":"has-post-thumbnail","6":"product_tag-csr","7":"product_shipping_class-csr","9":"first","10":"instock","11":"taxable","12":"shipping-taxable","13":"purchasable","14":"product-type-simple"},"_links":{"self":[{"href":"https:\/\/mlin.es\/tienda\/wp-json\/wp\/v2\/product\/143373","targetHints":{"allow":["GET"]}}],"collection":[{"href":"https:\/\/mlin.es\/tienda\/wp-json\/wp\/v2\/product"}],"about":[{"href":"https:\/\/mlin.es\/tienda\/wp-json\/wp\/v2\/types\/product"}],"replies":[{"embeddable":true,"href":"https:\/\/mlin.es\/tienda\/wp-json\/wp\/v2\/comments?post=143373"}],"wp:featuredmedia":[{"embeddable":true,"href":"https:\/\/mlin.es\/tienda\/wp-json\/wp\/v2\/media\/142780"}],"wp:attachment":[{"href":"https:\/\/mlin.es\/tienda\/wp-json\/wp\/v2\/media?parent=143373"}],"wp:term":[{"taxonomy":"product_cat","embeddable":true,"href":"https:\/\/mlin.es\/tienda\/wp-json\/wp\/v2\/product_cat?post=143373"},{"taxonomy":"product_tag","embeddable":true,"href":"https:\/\/mlin.es\/tienda\/wp-json\/wp\/v2\/product_tag?post=143373"}],"curies":[{"name":"wp","href":"https:\/\/api.w.org\/{rel}","templated":true}]}}

Faldón trasero para BMW Serie 3 E36 / Serie 5 E39, Ford Mondeo MK2 HL011

<p>Alerón trasero CSR-Automotive para BMW Serie 3 E36 / Serie 5 E39, Ford Mondeo</b><UL><LI>Alerón trasero apto para</LI><UL><LI>BMW Serie 3 E36 año de fabricación 1992-1999<br />para el/los modelo/variante(s) de carrocería sedán (berlina)</LI></UL><UL><LI>BMW Serie 5 E39 año de fabricación 1995-2004<br />para el/los modelo/variante(s) de carrocería sedán (berlina)</LI></UL><UL><LI>Ford Mondeo MK2 tipo BAP/BFP/BAP (desde el rediseño) año de fabricación 1997-2000<br />para el/los modelo/variante(s) de carrocería sedán/Hatchback</LI></UL><LI>Con certificado de piezas específico del vehículo para la autorización de instalación según § 19.3 StVZO</LI><LI>La instalación es para niños Gracias a la tira adhesiva integrada, el alerón se instala en segundos. El método de fijación, así como las propiedades aerodinámicas y el comportamiento del material, están probados y aprobados. Incluye instrucciones de instalación. El alerón trasero está hecho de plástico flexible de alta calidad. El material es flexible. Comparación de imágenes: las imágenes muestran el artículo en un BMW E36 Cabrio.</p>

<p>Borde del alerón/borde con certificado de piezas específico del vehículo</p>
