{"id":143007,"date":"2026-03-03T17:15:33","date_gmt":"2026-03-03T16:15:33","guid":{"rendered":"https:\/\/mlin.es\/tienda\/producto\/faros-antiniebla-originales-bmw-compatibles-con-el-soporte-de-faros-antiniebla-o-line-zb041\/"},"modified":"2026-03-03T17:15:33","modified_gmt":"2026-03-03T16:15:33","slug":"csr-zb041","status":"publish","type":"product","link":"https:\/\/mlin.es\/tienda\/producto\/csr-zb041\/","title":{"rendered":"CSR-ZB041"},"content":{"rendered":"<p><b>Original BMW Nebellampen passend f\u00fcr O-Line Nebellampenhalter<\/b><UL><LI>Original BMW Nebellampen<LI>1 x Nebellampen Paar &#8211; links \/ rechts<LI>Nebellampen passend f\u00fcr <\/p>\n<table border=\"1\">\n<tr>\n<td><font size =1>ZB031 &#8211; Nebellampenhalter O-Line<\/font><\/td>\n<\/tr>\n<\/table>\n<p><LI>zum Nachr\u00fcsten<LI>Nebellampen passen mit Nebellampenhalter f\u00fcr folgende CSR Single Frame Frontsto\u00dfstangen  <\/p>\n<table border=\"1\">\n<tr>\n<td><font size =1>FSK080 &#8211; BMW E30 3er<\/font><\/td>\n<td><font size =1>FSK081 &#8211; BMW E36 3er<\/font><\/td>\n<\/tr>\n<tr>\n<td><font size =1>FSK082 &#8211; BMW E46 3er<\/font><\/td>\n<td><font size =1>FSK083 &#8211; BMW E60 5er<\/font><\/td>\n<\/tr>\n<tr>\n<td><font size =1>FSK083 &#8211; BMW E61 5er<\/font><\/td>\n<td><font size =1>FSK085 &#8211; BMW E81 1er<\/font><\/td>\n<\/tr>\n<tr>\n<td><font size =1>FSK085 &#8211; BMW E82 1er<\/font><\/td>\n<td><font size =1>FSK085 &#8211; BMW E87 1er<\/font><\/td>\n<\/tr>\n<tr>\n<td><font size =1>FSK085 &#8211; BMW E88 1er<\/font><\/td>\n<td><font size =1>FSK202 &#8211; BMW E36 3er<\/font><\/td>\n<\/tr>\n<\/table>\n<p><LI>OEM-Nr. der enthaltenen Originalteile: 63176910791,63176910792<\/UL><\/p>\n","protected":false},"excerpt":{"rendered":"<p>Nebellampen original BMW zum Nachr\u00fcsten<\/p>\n","protected":false},"featured_media":143008,"comment_status":"closed","ping_status":"open","template":"","meta":[],"product_cat":[],"product_tag":[12841],"class_list":{"0":"post-143007","1":"product","2":"type-product","3":"status-publish","4":"has-post-thumbnail","6":"product_tag-csr","7":"product_shipping_class-csr","9":"first","10":"instock","11":"taxable","12":"shipping-taxable","13":"purchasable","14":"product-type-simple"},"_links":{"self":[{"href":"https:\/\/mlin.es\/tienda\/wp-json\/wp\/v2\/product\/143007","targetHints":{"allow":["GET"]}}],"collection":[{"href":"https:\/\/mlin.es\/tienda\/wp-json\/wp\/v2\/product"}],"about":[{"href":"https:\/\/mlin.es\/tienda\/wp-json\/wp\/v2\/types\/product"}],"replies":[{"embeddable":true,"href":"https:\/\/mlin.es\/tienda\/wp-json\/wp\/v2\/comments?post=143007"}],"wp:featuredmedia":[{"embeddable":true,"href":"https:\/\/mlin.es\/tienda\/wp-json\/wp\/v2\/media\/143008"}],"wp:attachment":[{"href":"https:\/\/mlin.es\/tienda\/wp-json\/wp\/v2\/media?parent=143007"}],"wp:term":[{"taxonomy":"product_cat","embeddable":true,"href":"https:\/\/mlin.es\/tienda\/wp-json\/wp\/v2\/product_cat?post=143007"},{"taxonomy":"product_tag","embeddable":true,"href":"https:\/\/mlin.es\/tienda\/wp-json\/wp\/v2\/product_tag?post=143007"}],"curies":[{"name":"wp","href":"https:\/\/api.w.org\/{rel}","templated":true}]}}