{"id":142911,"date":"2026-03-03T17:11:45","date_gmt":"2026-03-03T16:11:45","guid":{"rendered":"https:\/\/mlin.es\/tienda\/producto\/cubiertas-de-faros-para-seat-ibiza-6k-cordoba-kc-sb019\/"},"modified":"2026-03-03T17:11:46","modified_gmt":"2026-03-03T16:11:46","slug":"csr-sb019","status":"publish","type":"product","link":"https:\/\/mlin.es\/tienda\/producto\/csr-sb019\/","title":{"rendered":"CSR-SB019"},"content":{"rendered":"<p><b>CSR-Automotive Scheinwerferblenden f\u00fcr Seat Ibiza 6K \/ Cordoba KC<\/b><UL><LI>Scheinwerferblenden passend f\u00fcr <\/LI><UL><LI>Seat Ibiza 6K Baujahr bis 1993-1998<br \/>f\u00fcr die Modell-\/Karosserievariante(n) Schr\u00e4gheck<\/LI><\/UL><UL><LI>Seat Cordoba KC Baujahr 1993-1999<br \/>f\u00fcr die Modell-\/Karosserievariante(n) Stufenheck<\/LI><\/UL><LI>Scheinwerferblenden Paar &#8211; rechts \/ links<\/LI><LI>Mit gutachterlicher Stellungnahme und somit eintragungsfrei<\/LI><LI>inklusive Klebestreifen zur schnellen und einfachen Montage<\/LI><LI>Inklusive Montageanleitung<\/LI><LI>Scheinwerferblenden sind aus hochwertigem Material ABS gefertigt<\/LI><LI>Gleichm\u00e4\u00dfige Oberfl\u00e4chenstruktur erm\u00f6glicht eine Lackierung ohne gro\u00dfe Vorarbeiten (Produkt ist unlackiert)<\/LI><LI>Material ist flexibel<\/LI><LI>Um das Eindringen von Wasser, Schmutz und Wind unter die Scheinwerferblende zu verhindern, empfehlen wir Ihnen zus\u00e4tzlich zur Fixierung durch einen evtl. vorhandenen  Klebestreifen eine Klebespur Karosseriekleber aufzubringen<\/LI><\/UL><\/p>\n","protected":false},"excerpt":{"rendered":"<p>Scheinwerferblenden mit Klebestreifen &#8211; eintragungsfrei<\/p>\n","protected":false},"featured_media":142912,"comment_status":"closed","ping_status":"open","template":"","meta":[],"product_cat":[],"product_tag":[12841],"class_list":{"0":"post-142911","1":"product","2":"type-product","3":"status-publish","4":"has-post-thumbnail","6":"product_tag-csr","7":"product_shipping_class-csr","9":"first","10":"instock","11":"taxable","12":"shipping-taxable","13":"purchasable","14":"product-type-simple"},"_links":{"self":[{"href":"https:\/\/mlin.es\/tienda\/wp-json\/wp\/v2\/product\/142911","targetHints":{"allow":["GET"]}}],"collection":[{"href":"https:\/\/mlin.es\/tienda\/wp-json\/wp\/v2\/product"}],"about":[{"href":"https:\/\/mlin.es\/tienda\/wp-json\/wp\/v2\/types\/product"}],"replies":[{"embeddable":true,"href":"https:\/\/mlin.es\/tienda\/wp-json\/wp\/v2\/comments?post=142911"}],"wp:featuredmedia":[{"embeddable":true,"href":"https:\/\/mlin.es\/tienda\/wp-json\/wp\/v2\/media\/142912"}],"wp:attachment":[{"href":"https:\/\/mlin.es\/tienda\/wp-json\/wp\/v2\/media?parent=142911"}],"wp:term":[{"taxonomy":"product_cat","embeddable":true,"href":"https:\/\/mlin.es\/tienda\/wp-json\/wp\/v2\/product_cat?post=142911"},{"taxonomy":"product_tag","embeddable":true,"href":"https:\/\/mlin.es\/tienda\/wp-json\/wp\/v2\/product_tag?post=142911"}],"curies":[{"name":"wp","href":"https:\/\/api.w.org\/{rel}","templated":true}]}}