{"id":142897,"date":"2025-06-20T16:52:54","date_gmt":"2025-06-20T14:52:54","guid":{"rendered":"https:\/\/mlin.es\/tienda\/producto\/extension-de-capo-para-audi-a3-8l-mhv021\/"},"modified":"2025-09-11T09:38:35","modified_gmt":"2025-09-11T07:38:35","slug":"extension-de-capo-para-audi-a3-8l-mhv021","status":"publish","type":"product","link":"https:\/\/mlin.es\/tienda\/producto\/extension-de-capo-para-audi-a3-8l-mhv021\/","title":{"rendered":"Extensi\u00f3n de cap\u00f3 para Audi A3 8L MHV021"},"content":{"rendered":"<p>Extensi\u00f3n de cap\u00f3 CSR-Automotive \/ Evil Eye para Audi A3 8L. Extensi\u00f3n de cap\u00f3 compatible con Audi A3 8L fabricado entre 1996 y 2000. Para modelos\/veh\u00edculos Sed\u00e1n. Dos piezas. Con certificado de piezas espec\u00edfico para el veh\u00edculo para la autorizaci\u00f3n de instalaci\u00f3n seg\u00fan el \u00a719.3 del StVZO. Instrucciones de instalaci\u00f3n incluidas. Extensi\u00f3n de cap\u00f3 de metal de alta calidad. Para soldar.<\/p>\n","protected":false},"excerpt":{"rendered":"<p>Extensi\u00f3n de metal con certificado de piezas espec\u00edfico del veh\u00edculo<\/p>\n","protected":false},"featured_media":142898,"comment_status":"closed","ping_status":"open","template":"","meta":[],"product_cat":[],"product_tag":[12841],"class_list":{"0":"post-142897","1":"product","2":"type-product","3":"status-publish","4":"has-post-thumbnail","6":"product_tag-csr","7":"product_shipping_class-csr","9":"first","10":"instock","11":"taxable","12":"shipping-taxable","13":"purchasable","14":"product-type-simple"},"_links":{"self":[{"href":"https:\/\/mlin.es\/tienda\/wp-json\/wp\/v2\/product\/142897","targetHints":{"allow":["GET"]}}],"collection":[{"href":"https:\/\/mlin.es\/tienda\/wp-json\/wp\/v2\/product"}],"about":[{"href":"https:\/\/mlin.es\/tienda\/wp-json\/wp\/v2\/types\/product"}],"replies":[{"embeddable":true,"href":"https:\/\/mlin.es\/tienda\/wp-json\/wp\/v2\/comments?post=142897"}],"wp:featuredmedia":[{"embeddable":true,"href":"https:\/\/mlin.es\/tienda\/wp-json\/wp\/v2\/media\/142898"}],"wp:attachment":[{"href":"https:\/\/mlin.es\/tienda\/wp-json\/wp\/v2\/media?parent=142897"}],"wp:term":[{"taxonomy":"product_cat","embeddable":true,"href":"https:\/\/mlin.es\/tienda\/wp-json\/wp\/v2\/product_cat?post=142897"},{"taxonomy":"product_tag","embeddable":true,"href":"https:\/\/mlin.es\/tienda\/wp-json\/wp\/v2\/product_tag?post=142897"}],"curies":[{"name":"wp","href":"https:\/\/api.w.org\/{rel}","templated":true}]}}