{"id":142876,"date":"2025-06-20T16:52:13","date_gmt":"2025-06-20T14:52:13","guid":{"rendered":"https:\/\/mlin.es\/tienda\/producto\/faldon-trasero-para-opel-kadett-e-vectra-a-hl041\/"},"modified":"2025-09-11T09:37:57","modified_gmt":"2025-09-11T07:37:57","slug":"faldon-trasero-para-opel-kadett-e-vectra-a-hl041","status":"publish","type":"product","link":"https:\/\/mlin.es\/tienda\/producto\/faldon-trasero-para-opel-kadett-e-vectra-a-hl041\/","title":{"rendered":"Fald\u00f3n trasero para Opel Kadett E \/ Vectra A HL041"},"content":{"rendered":"<p><b>Aler\u00f3n trasero CSR-Automotive para Opel Kadett E \/ Opel Vectra A<\/b><UL><LI>Aler\u00f3n trasero apto para<\/LI><UL><LI>Opel Kadett E a\u00f1o(s) de fabricaci\u00f3n 1984-1991<br \/>para los modelos\/variantes de carrocer\u00eda sed\u00e1n\/hatchback\/sed\u00e1n\/descapotable<\/LI><\/UL><UL><LI>Opel Vectra A a\u00f1o(s) de fabricaci\u00f3n 1988-1995<br \/>para los modelos\/variantes de carrocer\u00eda sed\u00e1n\/hatchback<\/LI><\/UL><LI>Con certificado de piezas espec\u00edfico del veh\u00edculo para la aprobaci\u00f3n de la instalaci\u00f3n seg\u00fan \u00a7 19.3 StVZO<\/LI><LI>La instalaci\u00f3n es muy sencilla gracias a la tira adhesiva integrada y el aler\u00f3n se fija en segundos<\/LI><LI>El m\u00e9todo de fijaci\u00f3n, las propiedades aerodin\u00e1micas y el comportamiento del material est\u00e1n probados y homologados<\/LI><LI>Incluye instrucciones de montaje<\/LI><LI>El aler\u00f3n trasero est\u00e1 fabricado con pl\u00e1stico flexible de alta calidad Pl\u00e1stico<\/LI><LI>El material es flexible<\/LI><LI>Im\u00e1genes comparativas: las im\u00e1genes muestran el art\u00edculo en un BMW E36 Cabriolet<\/LI><\/UL><\/p>\n","protected":false},"excerpt":{"rendered":"<p>Borde del aler\u00f3n\/borde con certificado de piezas espec\u00edfico del veh\u00edculo<\/p>\n","protected":false},"featured_media":142780,"comment_status":"closed","ping_status":"open","template":"","meta":[],"product_cat":[],"product_tag":[12841],"class_list":{"0":"post-142876","1":"product","2":"type-product","3":"status-publish","4":"has-post-thumbnail","6":"product_tag-csr","7":"product_shipping_class-csr","9":"first","10":"instock","11":"taxable","12":"shipping-taxable","13":"purchasable","14":"product-type-simple"},"_links":{"self":[{"href":"https:\/\/mlin.es\/tienda\/wp-json\/wp\/v2\/product\/142876","targetHints":{"allow":["GET"]}}],"collection":[{"href":"https:\/\/mlin.es\/tienda\/wp-json\/wp\/v2\/product"}],"about":[{"href":"https:\/\/mlin.es\/tienda\/wp-json\/wp\/v2\/types\/product"}],"replies":[{"embeddable":true,"href":"https:\/\/mlin.es\/tienda\/wp-json\/wp\/v2\/comments?post=142876"}],"wp:featuredmedia":[{"embeddable":true,"href":"https:\/\/mlin.es\/tienda\/wp-json\/wp\/v2\/media\/142780"}],"wp:attachment":[{"href":"https:\/\/mlin.es\/tienda\/wp-json\/wp\/v2\/media?parent=142876"}],"wp:term":[{"taxonomy":"product_cat","embeddable":true,"href":"https:\/\/mlin.es\/tienda\/wp-json\/wp\/v2\/product_cat?post=142876"},{"taxonomy":"product_tag","embeddable":true,"href":"https:\/\/mlin.es\/tienda\/wp-json\/wp\/v2\/product_tag?post=142876"}],"curies":[{"name":"wp","href":"https:\/\/api.w.org\/{rel}","templated":true}]}}