{"id":142604,"date":"2026-03-03T16:55:53","date_gmt":"2026-03-03T15:55:53","guid":{"rendered":"https:\/\/mlin.es\/tienda\/producto\/cubiertas-de-faros-para-audi-a3-8l-sb009\/"},"modified":"2026-03-03T16:55:55","modified_gmt":"2026-03-03T15:55:55","slug":"csr-sb009","status":"publish","type":"product","link":"https:\/\/mlin.es\/tienda\/producto\/csr-sb009\/","title":{"rendered":"CSR-SB009"},"content":{"rendered":"<p><b>CSR-Automotive Scheinwerferblenden f\u00fcr Audi A3 8L<\/b><UL><LI>Scheinwerferblenden passend f\u00fcr Audi A3 8L Baujahr bis 2000<LI>f\u00fcr Modell-\/Karosserievariante(n) Schr\u00e4gheck<LI>Scheinwerferblenden Paar &#8211; rechts \/ links<LI>Mit gutachterlicher Stellungnahme und somit eintragungsfrei<LI>inklusive Klebestreifen zur schnellen und einfachen Montage<LI>Inklusive Montageanleitung<LI>Scheinwerferblenden sind aus hochwertigem Material ABS gefertigt<LI>Gleichm\u00e4\u00dfige Oberfl\u00e4chenstruktur erm\u00f6glicht eine Lackierung ohne gro\u00dfe Vorarbeiten (Produkt ist unlackiert)<LI>Material ist flexibel<LI>Um das Eindringen von Wasser, Schmutz und Wind unter die Scheinwerferblende zu verhindern, empfehlen wir Ihnen zus\u00e4tzlich zur Fixierung durch einen evtl. vorhandenen  Klebestreifen eine Klebespur Karosseriekleber aufzubringen<\/UL><\/p>\n","protected":false},"excerpt":{"rendered":"<p>Scheinwerferblenden mit Klebestreifen &#8211; eintragungsfrei<\/p>\n","protected":false},"featured_media":142605,"comment_status":"closed","ping_status":"open","template":"","meta":[],"product_cat":[],"product_tag":[12841],"class_list":{"0":"post-142604","1":"product","2":"type-product","3":"status-publish","4":"has-post-thumbnail","6":"product_tag-csr","7":"product_shipping_class-csr","9":"first","10":"instock","11":"taxable","12":"shipping-taxable","13":"purchasable","14":"product-type-simple"},"_links":{"self":[{"href":"https:\/\/mlin.es\/tienda\/wp-json\/wp\/v2\/product\/142604","targetHints":{"allow":["GET"]}}],"collection":[{"href":"https:\/\/mlin.es\/tienda\/wp-json\/wp\/v2\/product"}],"about":[{"href":"https:\/\/mlin.es\/tienda\/wp-json\/wp\/v2\/types\/product"}],"replies":[{"embeddable":true,"href":"https:\/\/mlin.es\/tienda\/wp-json\/wp\/v2\/comments?post=142604"}],"wp:featuredmedia":[{"embeddable":true,"href":"https:\/\/mlin.es\/tienda\/wp-json\/wp\/v2\/media\/142605"}],"wp:attachment":[{"href":"https:\/\/mlin.es\/tienda\/wp-json\/wp\/v2\/media?parent=142604"}],"wp:term":[{"taxonomy":"product_cat","embeddable":true,"href":"https:\/\/mlin.es\/tienda\/wp-json\/wp\/v2\/product_cat?post=142604"},{"taxonomy":"product_tag","embeddable":true,"href":"https:\/\/mlin.es\/tienda\/wp-json\/wp\/v2\/product_tag?post=142604"}],"curies":[{"name":"wp","href":"https:\/\/api.w.org\/{rel}","templated":true}]}}